 156881182.
2, 78440591
What are the prime factors of 15542341?
15542341
List the prime factors of 1613501838.
2, 3, 13, 71, 97117
What are the prime factors of 279798259?
13, 107, 15473
List the prime factors of 1877600433.
3, 383, 1634117
What are the prime factors of 116896763?
1279, 91397
List the prime factors of 30712605.
3, 5, 7, 11, 26591
List the prime factors of 251842975.
5, 59, 170741
List the prime factors of 128460186.
2, 3, 139, 51343
What are the prime factors of 56988996?
2, 3, 4749083
What are the prime factors of 79574418?
2, 3, 7, 11, 57413
What are the prime factors of 34231506?
2, 3, 17, 67, 5009
List the prime factors of 448177551.
3, 149392517
List the prime factors of 257034571.
7577, 33923
What are the prime factors of 1956652331?
1956652331
List the prime factors of 36298571.
41, 885331
What are the prime factors of 136437685?
5, 37, 737501
What are the prime factors of 28142253?
3, 43, 72719
List the prime factors of 57951420.
2, 3, 5, 965857
List the prime factors of 78021529.
373, 209173
What are the prime factors of 2829436451?
12613, 224327
What are the prime factors of 47728790?
2, 5, 67, 71237
List the prime factors of 120055387.
120055387
List the prime factors of 138975722.
2, 69487861
List the prime factors of 37787588.
2, 9446897
List the prime factors of 850463217.
3, 191, 494743
List the prime factors of 1371525295.
5, 7, 467, 83911
What are the prime factors of 1776772587?
3, 2287, 258967
What are the prime factors of 393293371?
393293371
List the prime factors of 84995633.
84995633
List the prime factors of 128461730.
2, 5, 61, 197, 1069
What are the prime factors of 169714596?
2, 3, 223, 63421
List the prime factors of 101571044.
2, 127, 179, 1117
List the prime factors of 64366761.
3, 41, 523307
List the prime factors of 69630.
2, 3, 5, 11, 211
What are the prime factors of 3184906546?
2, 179, 673, 13219
List the prime factors of 1111189545.
3, 5, 241, 102461
What are the prime factors of 75359068?
2, 73, 409, 631
What are the prime factors of 1278720380?
2, 5, 7, 9133717
List the prime factors of 186598237.
7, 79, 263, 1283
List the prime factors of 812914511.
20359, 39929
What are the prime factors of 50947679?
50947679
What are the prime factors of 636285442?
2, 13, 593, 41269
What are the prime factors of 32359664?
2, 79, 25601
List the prime factors of 203864619.
3, 7, 421, 23059
List the prime factors of 38955782.
2, 97, 157, 1279
List the prime factors of 54002794.
2, 2731, 9887
What are the prime factors of 137931012?
2, 3, 425713
What are the prime factors of 532833039?
3, 167, 118171
List the prime factors of 261287443.
149, 1753607
What are the prime factors of 355676132?
2, 7, 107, 118717
List the prime factors of 84533866.
2, 42266933
List the prime factors of 3902776778.
2, 8641, 225829
List the prime factors of 58672731.
3, 13, 1504429
List the prime factors of 2445634715.
5, 489126943
What are the prime factors of 49582076?
2, 12395519
List the prime factors of 233263546.
2, 7573, 15401
List the prime factors of 3360062673.
3, 11, 3085457
What are the prime factors of 211273152?
2, 3, 1100381
List the prime factors of 9041173592.
2, 11, 23, 4466983
List the prime factors of 2341083.
3, 29, 71, 379
List the prime factors of 399309519.
3, 7, 1039, 18301
List the prime factors of 1194837206.
2, 269, 2220887
What are the prime factors of 6783093073?
54449, 124577
What are the prime factors of 886536687?
3, 37, 7986817
What are the prime factors of 676039582?
2, 59, 109, 52561
List the prime factors of 70615746.
2, 3, 419, 3121
What are the prime factors of 74639086?
2, 37319543
What are the prime factors of 271310749?
6047, 44867
List the prime factors of 316220199.
3, 105406733
List the prime factors of 5977835283.
3, 7, 284658823
What are the prime factors of 34693781?
449, 77269
List the prime factors of 314658476.
2, 11, 7151329
List the prime factors of 14850272.
2, 23, 20177
What are the prime factors of 139211548?
2, 7, 23, 30881
What are the prime factors of 35148880?
2, 5, 13, 33797
What are the prime factors of 289215804?
2, 3, 41, 109, 5393
What are the prime factors of 2684702108?
2, 11, 449, 135893
What are the prime factors of 151370651?
71, 2131981
List the prime factors of 1486453.
29, 51257
List the prime factors of 675355486.
2, 13, 23, 883, 1279
What are the prime factors of 1022456005?
5, 204491201
What are the prime factors of 1118769821?
13, 86059217
List the prime factors of 150739609.
150739609
What are the prime factors of 92769381?
3, 19, 71, 283
What are the prime factors of 530309354?
2, 265154677
What are the prime factors of 222391058?
2, 111195529
List the prime factors of 1850570488.
2, 13, 17793947
What are the prime factors of 3649888400?
2, 5, 23, 47, 367
What are the prime factors of 192139925?
5, 919, 8363
List the prime factors of 7967984862.
2, 3, 1327997477
What are the prime factors of 40722167?
23, 107, 16547
What are the prime factors of 15971467?
15971467
What are the prime factors of 1457944?
2, 182243
List the prime factors of 10960835.
5, 17, 128951
List the prime factors of 335645614.
2, 359, 467473
What are the prime factors of 65956705?
5, 79, 166979
What are the prime factors of 61406964?
2, 3, 23, 59, 419
What are the prime factors of 1184204382?
2, 3, 193, 1022629
What are the prime factors of 1313157874?
2, 7, 29, 3234379
List the prime factors of 1136621098.
2, 67, 8482247
List the prime factors of 9930541.
37, 311, 863
What are the prime factors of 4863903?
3, 11, 147391
List the prime factors of 4762753577.
57119, 83383
What are the prime factors of 1956131634?
2, 3, 47, 6936637
What are the prime factors of 4425880818?
2, 3, 353, 2089651
List the prime factors of 838243052.
2, 209560763
What are the prime factors of 679141151?
13, 397, 131591
List the prime factors of 180330817.
180330817
What are the prime factors of 49284617?
1747, 28211
List the prime factors of 590082521.
7, 79, 1067057
List the prime factors of 847080497.
197, 4299901
What are the prime factors of 68014230?
2, 3, 5, 2267141
What are the prime factors of 866999578?
2, 433499789
List the prime factors of 7419005105.
5, 17, 6203, 14071
List the prime factors of 21559819.
293, 73583
What are the prime factors of 4027590945?
3, 5, 7, 1420667
List the prime factors of 48100480.
2, 5, 17, 4421
List the prime factors of 614334062.
2, 307167031
What are the prime factors of 3322249684?
2, 13, 17, 37, 101573
List the prime factors of 260288677.
11, 23, 1028809
What are the prime factors of 82242376?
2, 29, 83, 4271
List the prime factors of 1315976325.
3, 5, 151, 116201
What are the prime factors of 471336417?
3, 739, 70867
List the prime factors of 663540146.
2, 41, 2731, 2963
What are the prime factors of 67744822?
2, 33872411
What are the prime factors of 63437147?
1123, 56489
List the prime factors of 320452983.
3, 31, 97, 3947
List the prime factors of 21367139.
21367139
List the prime factors of 196996871.
1493, 131947
What are the prime factors of 1254156399?
3, 46450237
List the prime factors of 1792317288.
2, 3, 74679887
What are the prime factors of 771454442?
2, 11, 41, 855271
List the prime factors of 479894267.
19, 67, 19841
What are the prime factors of 44413788?
2, 3, 53, 69833
What are the prime factors of 309398780?
2, 5, 15469939
What are the prime factors of 538151874?
2, 3, 13, 6899383
What are the prime factors of 2836558255?
5, 61, 9300191
List the prime factors of 163979784.
2, 3, 463, 4919
List the prime factors of 128172252.
2, 3, 13, 19, 83, 521
What are the prime factors of 2567312?
2, 11, 29, 503
List the prime factors of 406612234.
2, 7, 1427, 20353
What are the prime factors of 57760396?
2, 97, 148867
What are the prime factors of 3429536431?
3429536431
List the prime factors of 45898715.
5, 151, 60793
List the prime factors of 249816052.
2, 62454013
List the prime factors of 231589181.
17, 719, 18947
What are the prime factors of 1343775858?
2, 3, 59, 3795977
List the prime factors of 2010125175.
3, 5, 311, 86179
List the prime factors of 2302175411.
17, 29, 317, 14731
List the prime factors of 2927033310.
2, 3, 5, 17, 5739281
List the prime factors of 558262541.
17, 19, 467, 3701
What are the prime factors of 2337107142?
2, 3, 23, 71